{"id":172,"date":"2021-07-29T17:02:21","date_gmt":"2021-07-29T15:02:21","guid":{"rendered":"http:\/\/moontrio.com\/?page_id=172"},"modified":"2021-07-30T17:27:17","modified_gmt":"2021-07-30T15:27:17","slug":"bobae-kim-2","status":"publish","type":"page","link":"http:\/\/moontrio.com\/index.php\/bobae-kim-2\/","title":{"rendered":"BOBAE KIM"},"content":{"rendered":"<div id=\"cs-content\" class=\"cs-content\"  >\n<div class=\"e172-1 x-section\">\n      \n<div class=\"e172-2 x-row x-container max width\">\n    <div class=\"x-row-inner\">\n<div class=\"e172-3 x-col\">\n    <img decoding=\"async\"  class=\"x-img x-img-none\"  src=\"http:\/\/moontrio.com\/wp-content\/uploads\/2021\/07\/echo-bobae-kim-2-1-scaled.jpg\" >\n<div class=\"e172-5 x-text x-text-headline\">\n  <div class=\"x-text-content\"><div class=\"x-text-content-text\"><h1 class=\"x-text-content-text-primary\"><h3 style=\"text-align: center;\"><span style=\"color: #ffffff;\">\u00a0 KIM\u00a0 BOBAE\u00a0 \u00a0 \u00a0<\/span><span style=\"color: #ffffff;\">\uae40\ubcf4\ubc30<\/span><\/h3><\/h1><\/div><\/div><\/div>\n  <\/div>\n\n<div class=\"e172-6 x-col\">\n    \n<div class=\"e172-7 x-text x-text-headline\">\n  <div class=\"x-text-content\"><div class=\"x-text-content-text\"><h1 class=\"x-text-content-text-primary\"><h5 style=\"text-align: center;\"><em><span style=\"color: #ffffff;\">Chant lyrique<\/span><\/em><\/h5><\/h1><\/div><\/div><\/div>\n  <\/div>\n\n<div class=\"e172-8 x-col\">\n    <div class=\"x-text\"  ><p>Artiste lyrique et choriste de l\u2019Op\u00e9ra de Lille, du Vlaamse Op\u00e9ra de Belgique, \u00ab Concert d\u2019Astr\u00e9e\u00a0\u00bb<\/p>\n<p>Professeur de Chant et Chef de ch\u0153ur du groupe \u00ab\u00a0Sortil\u00e8ges\u00a0\u00bb<\/p>\n<p>A travaill\u00e9 dans les maisons d\u2019Op\u00e9ra d\u2019Italie, France, Luxembourg, Belgique, etc.<\/p>\n<p>Sous la direction de Jean-Claude Casadesus, Emmanuelle Haim, Roberto Rizzi Brignoli, Eivind Gullberg Jensen, Alexandre Bloch, Guillaume Tourniaire<\/p>\n<\/p>\n<p>Chanteuse lyrique de l\u2019Association Musicale ECHO<\/p>\n<p>Membre du QUATUOR ECHO, MOON TRIO, MOON PROJECT<\/p>\n<p>Membre de l\u2019ensemble vocal CHROMATIC et du ch\u0153ur de chambre SEPTENTRION<\/p>\n<p>Cours et masterclass avec les professeurs et artistes\u00a0:<\/p>\n<p>Mariam Sarkissian, Edda Moser, Fiorella Pediconi, Brigitte Toulon, Fusako Kondo, Michelle Hendricks<\/p>\n<\/p>\n<p>Anciennement chef des chorales et ma\u00eetrises de l\u2019Ecole de Musique de Villeneuve d\u2019Ascq<\/p>\n<\/p>\n<p>A \u00e9tudi\u00e9 au Conservatoire R\u00e9gional de Paris (Cycle Sp\u00e9cialis\u00e9 Classe de Chant)<\/p>\n<p>Dipl\u00f4me National d\u2019Orientation Professionnel de Chant Lyrique et Dipl\u00f4me de Fin d\u2019Etude au Conservatoire D\u00e9partemental de Roubaix<\/p>\n<p>Dipl\u00f4me de Fin d\u2019Etude du D\u00e9partement de Jazz au Conservatoire D\u00e9partemental de Tourcoing<\/p>\n<\/div>  <\/div>\n\n<div class=\"e172-10 x-col\">\n    <img decoding=\"async\"  class=\"x-img x-img-none\"  src=\"http:\/\/moontrio.com\/wp-content\/uploads\/2021\/07\/Bobae-Kim-Libre-scaled.jpg\" >  <\/div>\n<\/div>\n  <\/div>\n    <\/div>\n<\/div>\n","protected":false},"excerpt":{"rendered":"<p>\u00a0 KIM\u00a0 BOBAE\u00a0 \u00a0 \u00a0\uae40\ubcf4\ubc30 Chant lyrique Artiste lyrique et choriste de l\u2019Op\u00e9ra de Lille, du Vlaamse Op\u00e9ra de Belgique, \u00ab Concert d\u2019Astr\u00e9e\u00a0\u00bb Professeur de Chant et Chef de ch\u0153ur du groupe \u00ab\u00a0Sortil\u00e8ges\u00a0\u00bb A travaill\u00e9 dans les maisons d\u2019Op\u00e9ra d\u2019Italie, France, Luxembourg, Belgique, etc. Sous la direction de Jean-Claude Casadesus, Emmanuelle Haim, Roberto Rizzi Brignoli, Eivind Gullberg Jensen, Alexandre Bloch, &#8230; <\/p>\n<div><a href=\"http:\/\/moontrio.com\/index.php\/bobae-kim-2\/\" class=\"more-link\">Read More<\/a><\/div>\n","protected":false},"author":1,"featured_media":0,"parent":0,"menu_order":0,"comment_status":"closed","ping_status":"closed","template":"","meta":{"footnotes":""},"class_list":["post-172","page","type-page","status-publish","hentry","no-post-thumbnail"],"_links":{"self":[{"href":"http:\/\/moontrio.com\/index.php\/wp-json\/wp\/v2\/pages\/172","targetHints":{"allow":["GET"]}}],"collection":[{"href":"http:\/\/moontrio.com\/index.php\/wp-json\/wp\/v2\/pages"}],"about":[{"href":"http:\/\/moontrio.com\/index.php\/wp-json\/wp\/v2\/types\/page"}],"author":[{"embeddable":true,"href":"http:\/\/moontrio.com\/index.php\/wp-json\/wp\/v2\/users\/1"}],"replies":[{"embeddable":true,"href":"http:\/\/moontrio.com\/index.php\/wp-json\/wp\/v2\/comments?post=172"}],"version-history":[{"count":6,"href":"http:\/\/moontrio.com\/index.php\/wp-json\/wp\/v2\/pages\/172\/revisions"}],"predecessor-version":[{"id":361,"href":"http:\/\/moontrio.com\/index.php\/wp-json\/wp\/v2\/pages\/172\/revisions\/361"}],"wp:attachment":[{"href":"http:\/\/moontrio.com\/index.php\/wp-json\/wp\/v2\/media?parent=172"}],"curies":[{"name":"wp","href":"https:\/\/api.w.org\/{rel}","templated":true}]}}