{"id":174,"date":"2021-07-29T17:02:51","date_gmt":"2021-07-29T15:02:51","guid":{"rendered":"http:\/\/moontrio.com\/?page_id=174"},"modified":"2021-07-30T17:27:08","modified_gmt":"2021-07-30T15:27:08","slug":"benjamin-chalat","status":"publish","type":"page","link":"http:\/\/moontrio.com\/index.php\/benjamin-chalat\/","title":{"rendered":"BENJAMIN CHALAT"},"content":{"rendered":"<div id=\"cs-content\" class=\"cs-content\"  >\n<div class=\"e174-1 x-section\">\n      \n<div class=\"e174-2 x-row x-container max width\">\n    <div class=\"x-row-inner\">\n<div class=\"e174-3 x-col\">\n    <img decoding=\"async\"  class=\"x-img x-img-none\"  src=\"http:\/\/moontrio.com\/wp-content\/uploads\/2021\/07\/benjamin-chalat-yamaha-artist-scaled.jpg\" >\n<div class=\"e174-5 x-text x-text-headline\">\n  <div class=\"x-text-content\"><div class=\"x-text-content-text\"><h1 class=\"x-text-content-text-primary\"><h3 style=\"text-align: center;\"><span style=\"color: #ffffff;\">BENJAMIN\u00a0 \u00a0CHALAT<\/span><\/h3><\/h1><\/div><\/div><\/div>\n  <\/div>\n\n<div class=\"e174-6 x-col\">\n    \n<div class=\"e174-7 x-text x-text-headline\">\n  <div class=\"x-text-content\"><div class=\"x-text-content-text\"><h1 class=\"x-text-content-text-primary\"><h5 style=\"text-align: center;\"><span style=\"color: #ffffff;\"><em>Saxophone Baryton\u00a0 &amp;\u00a0 Arrangements<\/em><\/span><\/h5><\/h1><\/div><\/div><\/div>\n\n<span class=\"e174-8 x-image\">\n  <img decoding=\"async\" src=\"\" alt=\"Image\">\n<\/span>\n  <\/div>\n\n<div class=\"e174-9 x-col\">\n    <div class=\"x-text\"  ><p style=\"text-align: justify;\">Benjamin Chalat est un artiste fran\u00e7ais, saxophoniste, professeur, chef d\u2019orchestre et compositeur\u00a0; titulaire d\u2019un Dipl\u00f4me d\u2019Etat de Professeur de Saxophone, d\u2019un Master de Musicologie en Cr\u00e9ation et d\u2019un Master d\u2019Esth\u00e9tique et Pratique des Arts.<\/p>\n<p style=\"text-align: justify;\">Il a \u00e9tudi\u00e9 le saxophone au Conservatoire \u00e0 Rayonnement R\u00e9gional de Strasbourg aupr\u00e8s de Christophe Fourmaux, Micha\u00ebl Alizon et Philippe Geiss avant de terminer sa formation au Conservatoire \u00e0 Rayonnement D\u00e9partemental de Roubaix avec Jo\u00ebl Batteau (du Quatuor Jean-Yves Fourmeau) avec lequel il s\u2019est sp\u00e9cialis\u00e9 dans le saxophone baryton.<\/p>\n<p style=\"text-align: justify;\">Fort de son exp\u00e9rience de professeur au sein de l\u2019Education Nationale, Benjamin Chalat d\u00e9veloppe un enseignement fond\u00e9 sur une p\u00e9dagogie de groupe et les pratiques collectives dans lequel l\u2019Orchestre de Saxophones des Hauts-de-France qu\u2019il dirige occupe une place centrale.<\/p>\n<p style=\"text-align: justify;\">Sensible \u00e0 la transmission du patrimoine musical aux nouvelles g\u00e9n\u00e9rations d\u2019\u00e9l\u00e8ves et de musiciens, il construit un r\u00e9pertoire in\u00e9dit d\u2019arrangements de musiques classiques, traditionnelles et populaires, \u0153uvrant notamment \u00e0 la rencontre entre l\u2019op\u00e9ra et le saxophone en collaboration avec la chanteuse lyrique Bobae Kim.<\/p>\n<p style=\"text-align: justify;\">Directeur artistique de l\u2019association ECHO, il est musicien et arrangeur du Quatuor Echo, du Moon Trio (musique fran\u00e7aise et cor\u00e9enne) ainsi que du Moon Project (avec du Human Beatbox)<\/p>\n<p style=\"text-align: justify;\">Benjamin Chalat \u00e9crit de nombreux spectacles pour \u00e9coles de musique et conservatoires fond\u00e9s sur le dialogue des arts (direction, livret, mise en sc\u00e8ne, chor\u00e9graphie, infographie, vid\u00e9os, etc.).<\/p>\n<p style=\"text-align: justify;\">Membre du Rotary International, il se consacre \u00e9galement \u00e0 des actions philanthropiques par l\u2019organisation de concerts caritatifs au profit de causes humanitaires et sociales \u00e0 l\u2019occasion desquels il invite des artistes fran\u00e7ais et internationaux \u00e0 se produire et pour des masterclass.<\/p>\n<p style=\"text-align: justify;\">Benjamin Chalat est artiste YAMAHA, DADDARIO et participe au d\u00e9veloppement de la ligature JLV Sound, 1<sup>er<\/sup> prix du concours L\u00e9pine, dont il est l\u2019ambassadeur.<\/p>\n<\/div>  <\/div>\n\n<div class=\"e174-11 x-col\">\n    <img decoding=\"async\"  class=\"x-img x-img-none\"  src=\"http:\/\/moontrio.com\/wp-content\/uploads\/2021\/07\/Benjamin-Chalat-Hanbock-Ret.jpg\" >  <\/div>\n\n<div class=\"e174-13 x-col\">\n    <div class=\"x-text\"  ><p style=\"text-align: justify;\"><span style=\"color: #ffffff;\">Professeur de Saxophone \u00e0 l\u2019Ecole Municipale des Arts de Wattignies et du Conservatoire de Solesmes<\/span><\/p>\n<p style=\"text-align: justify;\"><span style=\"color: #ffffff;\">Directeur artistique et Chef de l\u2019 \u00ab\u00a0Orchestre de Saxophones des Haut-de-France\u00a0\u00bb<\/span><\/p>\n<p style=\"text-align: justify;\"><span style=\"color: #ffffff;\">Chef de l\u2019Orchestre d\u2019Harmonie de l\u2019Ecole de Musique de Villeneuve d\u2019Ascq<\/span><\/p>\n<p style=\"text-align: justify;\"><span style=\"color: #ffffff;\">Charg\u00e9 de Projets et de Coordination de l\u2019Ecole de Musique de Villeneuve d\u2019Ascq<\/span><\/p>\n<p style=\"text-align: justify;\"><span style=\"color: #ffffff;\">Artiste Yamaha Music, D\u2019Addario et JLV Sound<\/span><\/p>\n<p style=\"text-align: justify;\"><span style=\"color: #ffffff;\">Directeur artistique et arrangeur de l\u2019Association Musicale ECHO<\/span><\/p>\n<p style=\"text-align: justify;\"><span style=\"color: #ffffff;\">Saxophoniste du Quatuor ECHO, MOON Trio, MOON Project<\/span><\/p>\n<p style=\"text-align: justify;\"><span style=\"color: #ffffff;\">Anciennement Directeur de l\u2019Ecole de Musique de Santes et chef du Big Band Esprit Jazz\u00a0<\/span><\/p>\n<p style=\"text-align: justify;\"><span style=\"color: #ffffff;\">Dipl\u00f4me d\u2019Etat de Professeur de Saxophone<\/span><\/p>\n<p style=\"text-align: justify;\"><span style=\"color: #ffffff;\">M\u00e9daille d\u2019or de Saxophone et de Musique de Chambre au Conservatoire D\u00e9partemental de Roubaix<\/span><\/p>\n<p style=\"text-align: justify;\"><span style=\"color: #ffffff;\">( Classe du Jo\u00ebl Batteau, membre du Quatuor Jean-Yves Fourmeau )<\/span><\/p>\n<p style=\"text-align: justify;\"><span style=\"color: #ffffff;\">Etude au Conservatoire R\u00e9gional de Strasbourg ( Classe de Philippe Geiss, Christophe Fourmaux, Micka\u00ebl Alizon )<\/span><\/p>\n<p style=\"text-align: justify;\"><span style=\"color: #ffffff;\">Master 2 en Esth\u00e9tique et Pratique des Arts. Master de Cr\u00e9ation en Musicologie.<\/span><\/p>\n<\/div>  <\/div>\n\n<div class=\"e174-15 x-col\">\n      <\/div>\n<\/div>\n  <\/div>\n    <\/div>\n<\/div>\n","protected":false},"excerpt":{"rendered":"<p>BENJAMIN\u00a0 \u00a0CHALAT Saxophone Baryton\u00a0 &amp;\u00a0 Arrangements Benjamin Chalat est un artiste fran\u00e7ais, saxophoniste, professeur, chef d\u2019orchestre et compositeur\u00a0; titulaire d\u2019un Dipl\u00f4me d\u2019Etat de Professeur de Saxophone, d\u2019un Master de Musicologie en Cr\u00e9ation et d\u2019un Master d\u2019Esth\u00e9tique et Pratique des Arts. Il a \u00e9tudi\u00e9 le saxophone au Conservatoire \u00e0 Rayonnement R\u00e9gional de Strasbourg aupr\u00e8s de Christophe Fourmaux, Micha\u00ebl Alizon et Philippe &#8230; <\/p>\n<div><a href=\"http:\/\/moontrio.com\/index.php\/benjamin-chalat\/\" class=\"more-link\">Read More<\/a><\/div>\n","protected":false},"author":1,"featured_media":0,"parent":0,"menu_order":0,"comment_status":"closed","ping_status":"closed","template":"","meta":{"footnotes":""},"class_list":["post-174","page","type-page","status-publish","hentry","no-post-thumbnail"],"_links":{"self":[{"href":"http:\/\/moontrio.com\/index.php\/wp-json\/wp\/v2\/pages\/174","targetHints":{"allow":["GET"]}}],"collection":[{"href":"http:\/\/moontrio.com\/index.php\/wp-json\/wp\/v2\/pages"}],"about":[{"href":"http:\/\/moontrio.com\/index.php\/wp-json\/wp\/v2\/types\/page"}],"author":[{"embeddable":true,"href":"http:\/\/moontrio.com\/index.php\/wp-json\/wp\/v2\/users\/1"}],"replies":[{"embeddable":true,"href":"http:\/\/moontrio.com\/index.php\/wp-json\/wp\/v2\/comments?post=174"}],"version-history":[{"count":9,"href":"http:\/\/moontrio.com\/index.php\/wp-json\/wp\/v2\/pages\/174\/revisions"}],"predecessor-version":[{"id":360,"href":"http:\/\/moontrio.com\/index.php\/wp-json\/wp\/v2\/pages\/174\/revisions\/360"}],"wp:attachment":[{"href":"http:\/\/moontrio.com\/index.php\/wp-json\/wp\/v2\/media?parent=174"}],"curies":[{"name":"wp","href":"https:\/\/api.w.org\/{rel}","templated":true}]}}